62. Calculate u(-86).
0
Let t(n) = n**3 + 13*n**2 - 19*n - 172. Determine t(-13).
75
Let l(f) = -2*f**3 + 64*f**2 - 6*f + 285. What is l(32)?
93
Let i(r) = -r**2 - 73*r - 55. Determine i(0).
-55
Let c(q) = 69*q**3 - q**2 + 3*q + 7. What is c(-2)?
-555
Let y(g) = -17*g**3 - g**2 + 15*g - 29. Give y(2).
-139
Let m(t) = -211*t + 432. Calculate m(2).
10
Let h(n) = -n**2 - 664*n - 55948. Determine h(-99).
-13
Let y(l) = -77*l - 995. Give y(-13).
6
Let c(k) = k**2 + 158*k + 2401. What is c(-17)?
4
Let r(p) = 4*p**2 - 269*p + 575. Give r(65).
-10
Let f(w) = 128*w + 4070. What is f(-32)?
-26
Let o(q) = -q**3 - 13*q**2 - 893*q - 6876. Determine o(-8).
-52
Let f(z) = z**3 - 2*z**2 - 7*z + 6. What is f(-2)?
4
Let s(t) = -2*t**2 - 298*t + 916. Calculate s(3).
4
Let o(x) = -3*x**2 - 29*x - 1. Calculate o(-14).
-183
Let d(s) = 790*s + 7890. Determine d(-10).
-10
Let r(m) = 4*m**2 - 146*m - 19. Determine r(37).
55
Let s(b) = 31*b**2 + 269*b + 165. Give s(-8).
-3
Let p(w) = -6*w + 214. What is p(34)?
10
Let m(w) = -30*w - 1616. Determine m(-48).
-176
Let m(b) = -b**3 - 28*b**2 + 51*b - 21. Give m(-30).
249
Let w(z) = 21*z - 21. Calculate w(5).
84
Let u(v) = 7*v + 32. Determine u(-3).
11
Let q(p) = -p**2 + 65*p + 345. Calculate q(-5).
-5
Let n(g) = 15*g**3 - 93*g**2 + 15*g + 23. Calculate n(6).
5
Let w(p) = -62*p - 1057. Determine w(-16).
-65
Let z(p) = -p**2 + 39*p - 66. Give z(37).
8
Let s(g) = 4998*g + 54983. What is s(-11)?
5
Let x(m) = 61*m**2 + 209*m - 134. Determine x(-4).
6
Let d(h) = h**3 - 9*h**2 + 25*h - 355. What is d(10)?
-5
Let d(f) = -f**3 + 17*f**2 + 308*f - 5. Calculate d(28).
-5
Let o(w) = -181*w + 893. Calculate o(4).
169
Let g(h) = -h**2 - 6*h + 451. Calculate g(20).
-69
Let i(u) = -3*u**3 + 6*u**2 + 920*u - 1846. Give i(2).
-6
Let f(x) = -2*x**2 + 17*x + 101. What is f(16)?
-139
Let j(r) = r**3 - 5*r**2 - 60*r + 336. Give j(10).
236
Let c(n) = -4458*n - 15. Determine c(0).
-15
Let a(l) = -7*l**2 + 10*l + 193. Determine a(6).
1
Let d(b) = 2*b**2 - 201*b - 1854. What is d(109)?
-1
Let b(i) = 16*i + 409. Determine b(-26).
-7
Let w(l) = -250*l + 3009. Give w(12).
9
Let h(z) = -z**3 - 34*z**2 - 148*z + 11. Determine h(-4).
123
Let m(r) = -22*r**2 - 91*r - 69. Give m(-1).
0
Let m(l) = 74*l - 132. Give m(3).
90
Let n(g) = 524*g + 4204. Give n(-8).
12
Let a(x) = x**3 - 4*x**2 + 30*x - 11. What is a(0)?
-11
Let y(j) = -444*j - 2223. Give y(-5).
-3
Let l(y) = -y**3 - 44*y**2 - 85*y - 29. Give l(-42).
13
Let m(k) = -k**3 - 3*k**2 + 13*k + 2. Give m(6).
-244
Let w(z) = -748*z - 12718. What is w(-17)?
-2
Let x(i) = i**3 - 64*i**2 - 739*i - 81. Give x(74).
-7
Let y(a) = a**2 - 47*a - 262. Give y(-5).
-2
Let i(m) = -3*m**3 + 41*m**2 - 9*m - 203. What is i(13)?
18
Let p(u) = -u**3 + 55*u**2 + 180*u + 51. Give p(58).
399
Let q(m) = -1928*m + 15425. Calculate q(8).
1
Let o(r) = r**3 - 123*r**2 + 52*r - 6363. Determine o(123).
33
Let p(b) = -89*b - 677. Calculate p(-8).
35
Let b(m) = -3*m**3 - 64*m**2 - 223*m - 41. Give b(-17).
-7
Let v(d) = -2*d**2 - 42*d + 568. Calculate v(-30).
28
Let z(h) = -3*h**2 - 47*h - 64. What is z(-13)?
40
Let b(y) = -8*y**3 - 214*y**2 + 58*y + 106. What is b(-27)?
-2
Let r(t) = -223*t**2 - 384*t + 124. Calculate r(-2).
0
Let o(k) = k**2 + 57*k + 288. Determine o(-25).
-512
Let f(j) = j**2 + 13*j - 113872. Calculate f(331).
-8
Let n(h) = h**3 + 29*h**2 - 199*h + 384. Give n(-35).
-1
Let v(f) = -509*f + 10695. Determine v(21).
6
Let d(m) = -573*m - 5168. Give d(-9).
-11
Let j(y) = 8*y**2 + 176*y + 872. Determine j(-5).
192
Let c(g) = -g**3 + 197*g**2 - 341*g - 9556. Determine c(195).
-1
Let s(n) = n**3 - 11*n**2 + 36*n - 380. Calculate s(11).
16
Let m(l) = 2529*l - 15178. Calculate m(6).
-4
Let i(h) = 45*h - 7824. Calculate i(174).
6
Let q(x) = 6878*x + 144439. Determine q(-21).
1
Let g(b) = -b**2 - 51*b - 645. Determine g(-27).
3
Let y(s) = -2*s**2 + 36*s + 137. Calculate y(-4).
-39
Let z(s) = -1137*s + 23879. Give z(21).
2
Let q(v) = 124*v + 5698. Determine q(-46).
-6
Let t(z) = z**3 + 2*z**2 - 25*z + 21. What is t(4)?
17
Let a(n) = 287*n - 8063. Give a(28).
-27
Let u(a) = -a**3 + 51*a**2 + 227*a + 1. What is u(55)?
386
Let k(n) = n**2 - 49*n + 531. Give k(17).
-13
Let k(q) = 178*q - 3039. Determine k(17).
-13
Let x(f) = 3*f**3 - 11*f**2 - 127*f + 11. Give x(9).
164
Let b(g) = -g**3 + 17*g**2 - g + 88. Calculate b(0).
88
Let z(a) = a**3 + 99*a**2 - 79*a + 2098. Determine z(-100).
-2
Let k(m) = -7*m**2 - 28*m - 5. What is k(-3)?
16
Let y(z) = -7*z**3 + 163*z**2 - 19*z - 625. What is y(23)?
-4
Let h(o) = -5*o**2 + 17*o + 3. Calculate h(3).
9
Let g(q) = -q**2 - 46*q + 841. Determine g(-60).
1
Let k(z) = z**3 - 4*z**2 - 113*z - 25. Calculate k(13).
27
Let u(z) = 2*z**2 - 45*z + 64. What is u(21)?
1
Let v(g) = -5*g**2 + 7*g + 31. Give v(-3).
-35
Let w(q) = -277*q + 1090. Determine w(6).
-572
Let y(k) = 107*k**2 + 3099*k - 119. Give y(-29).
-3
Let f(a) = -a**3 - 10*a**2 + 22*a - 38. Calculate f(-12).
-14
Let j(p) = 39*p**2 - 204*p + 21. Calculate j(5).
-24
Let a(p) = -139*p - 1111. Calculate a(-8).
1
Let b(k) = k - 68. What is b(48)?
-20
Let o(q) = 80*q**2 - 13*q - 12. Give o(-1).
81
Let t(c) = 92*c**2 + 1564*c - 23. What is t(-17)?
-23
Let w(l) = l**3 + 24*l**2 - 77*l - 202. Determine w(-26).
448
Let z(m) = -4*m**3 + 106*m**2 - 166*m + 404. Give z(25).
4
Let k(v) = -2*v**2 - 88*v - 100. Give k(-45).
-190
Let n(a) = -9*a + 1045. Give n(116).
1
Let x(q) = 28*q + 2315. Give x(-74).
243
Let s(d) = 1160*d - 2320. Give s(2).
0
Let c(n) = -31*n - 1343. Determine c(-43).
-10
Let n(p) = -2*p**2 + 6*p + 38. Give n(6).
2
Let p(b) = 2*b**2 - 18*b + 258. Determine p(11).
302
Let m(i) = 6*i + 165. Give m(-20).
45
Let i(k) = -k**3 - 17*k**2 + 4*k + 71. What is i(-17)?
3
Let r(b) = -2196*b - 10983. Determine r(-5).
-3
Let i(v) = -3*v**2 - 203*v - 137. Calculate i(-67).
-3
Let a(r) = -11719*r + 152355. Give a(13).
8
Let r(x) = -2*x**3 + 11*x**2 + 412*x - 3072. Calculate r(12).
0
Let c(f) = 3*f**3 + 3*f**2 - 6*f - 13. Give c(-2).
-13
Let p(g) = 2308*g - 62320. Give p(27).
-4
Let t(a) = -79*a - 3123. Determine t(-39).
-42
Let r(q) = -16*q**2 + 15*q + 9. Calculate r(-4).
-307
Let o(z) = 34*z + 327. Determine o(-11).
-47
Let v(f) = 34*f - 366. Calculate v(10).
-26
Let v(l) = -652*l - 756. Calculate v(-1).
-104
Let g(a) = a**3 - a**2 + a + 12. What is g(0)?
12
Let w(k) = 4*k**2 + 88*k + 422. What is w(-7)?
2
Let x(v) = 135*v + 28. Determine x(4).
568
Let f(r) = -5*r**2 - 33*r + 40. What is f(-11)?
-202
Let h(s) = -2*s**2 + 4*s + 14. Calculate h(4).
-2
Let s(i) = -i**2 - 26*i + 251. Calculate s(7).
20
Let o(d) = -d**3 - 13*d**2 + 82*d + 15. Calculate o(5).
-25
Let p(u) = -31*u + 21. Calculate p(4).
-103
Let z(h) = -2*h**2 - 33*h - 97. What is z(-11)?
24
Let l(b) = -15*b**2 - 2509*b + 2513. What is l(1)?
-11
Let g(n) = 74*n + 4799. What is g(-65)?
-11
Let c(f) = -2*f**3 + 20*f**2 + 289*f + 5. Determine c(-8).
-3
Let b(g) = 5*g**2 - 222*g + 44. Calculate b(44).
-44
Let t(o) = 13*o**3 + 130*o**2 - 32*o - 326. Give t(-10).
-6
Let s(w) = 2*w**3 - 70*w**2 - 45*w + 1561. Calculate s(35).
-14
Let d(o) = -o**2 - 17*o + 40. Calculate d(-19).
2
Let t(l) = -82*l - 8248. Give t(-101).
34
Let v(o) = 2*o**3 - 2*o**2 + 8*o + 22. Determine v(-2).
-18
Let g(i) = 39*i + 215. Calculate g(-6).
-19
Let k(v) = 3*v**2 + 48*v - 255. Give k(-20).
-15
Let a(o) = 4*o - 14. Determine a(0).
-14
Let z(d) = d**3 - 35*d**2 - 32*d - 153. Give z(36).
-9
Let l(y) = 12*y**2 + 42*y + 181. Determine l(-6).
361
Let q(b) = 84*b**2 - 567*b - 10. Calculate q(7).
137
Let w(n) = -147*n + 722. What is w(5)?
-13
Let q(a) = -a**3 - 7*a**2 + 13*a - 48. What is q(-9)?
-3
Let u(q) = -q + 12. What is u(-9)?
21
Let k(b) = -b**3 - 30*b**2 + 187*b - 66. Determine k(5).
-6
Let j(b) = -4*b**2 + 5*b + 9. Calculate j(-5).
-116
Let p(r) = -145*r + 2014. What is p(14)?
-16
Let j(y) = -y**2 - 88*y + 3227. What is j(28)?
-21
Let a(v) = -v**2 + 37*v - 161. What is a(6)?
25
Let o(q) = q**2 - 8*q - 293. Determine o(19).
-84
Let w(s) = -173*s - 6378. What is w(-37)?
23
Let q(p) = 5*p**2 + 177*p - 88. Calculate q(-36).
20
Let w(s) = s**2 + 73*s - 648. Calculate w(8).
0
Let r(j) = 78*j + 599. What is r(-8)?
-25
Let n(j) = -j**3 + 39*j**2 + 203*j - 9153. Determine n(38).
5
Let h(c) = c**2 - 18*c + 377. What is h(0)?
377
